0 - -101101211?
101030331
In base 6, what is -4331301 - -523?
-4330334
In base 11, what is 35574 + -153?
35421
In base 13, what is -12c69 - 6889?
-19825
In base 8, what is -3 + -11762305?
-11762310
In base 14, what is 2 + 3b7965?
3b7967
In base 3, what is 212022220111222 + -1?
212022220111221
In base 16, what is 9 - -4a86a3?
4a86ac
In base 16, what is 16887 + 252?
16ad9
In base 13, what is 5a5569 + -4?
5a5565
In base 8, what is 23 - 20013127?
-20013104
In base 12, what is -217627 + 2?
-217625
In base 3, what is 1120101012 + -1002101110?
110222202
In base 16, what is 15 + 63ac7b?
63ac90
In base 12, what is -1 + -18639558?
-18639559
In base 14, what is -8 + 99567?
9955d
In base 2, what is -1010011100111101101111111 - -11?
-1010011100111101101111100
In base 15, what is 2462e2 - 4?
2462dd
In base 4, what is -123031 + -13120?
-202211
In base 3, what is -1 - -110201120111000?
110201120110222
In base 9, what is -173146 - 3423?
-176570
In base 7, what is -13 + -360215006?
-360215022
In base 11, what is 1017a9 - -396?
102094
In base 13, what is 7 - -11c730c?
11c7316
In base 5, what is 11 + 11034403400?
11034403411
In base 15, what is -43968c + -a?
-439697
In base 8, what is -4 + 51603526?
51603522
In base 7, what is 636356064 - 2?
636356062
In base 11, what is -37494 - -11?
-37483
In base 9, what is -80771 + -233?
-81114
In base 2, what is 101 - 10110000111101011000101011110?
-10110000111101011000101011001
In base 10, what is -25620080 - -27?
-25620053
In base 11, what is -626 - -8096?
7570
In base 3, what is -110210222012001110 - 0?
-110210222012001110
In base 16, what is 408 - -c16a?
c572
In base 15, what is -109a5 - -47?
-1095d
In base 7, what is -423253240 - -3?
-423253234
In base 8, what is -471350 - 113?
-471463
In base 13, what is 6 + 49bb4ba?
49bb4c3
In base 11, what is 2a4 - 42518a?
-424996
In base 14, what is -5 - 15836c7?
-15836cc
In base 14, what is 90c2ca - 3?
90c2c7
In base 8, what is 125055 + -101?
124754
In base 5, what is 33 + -24303013?
-24302430
In base 16, what is -15 + 1679b2?
16799d
In base 4, what is -21322032 - -1033012?
-20223020
In base 2, what is 1000010 - 1111011001110010000?
-1111011001101001110
In base 15, what is 1d6089 + -1d1?
1d5da8
In base 15, what is -9e331 + c7?
-9e259
In base 4, what is -3120032033 + -1133?
-3120033232
In base 10, what is 10 - 152710?
-152700
In base 7, what is -13503412 + -3?
-13503415
In base 12, what is -11 - -8948419?
8948408
In base 5, what is -23123213402 - 2?
-23123213404
In base 6, what is -3 + -151112055?
-151112102
In base 13, what is 3520690 - 0?
3520690
In base 8, what is 32337453 + 2?
32337455
In base 5, what is -32344 + 2012421?
1430022
In base 11, what is -5 - 87276a?
-872774
In base 3, what is 1012220210 - 21121010?
221022200
In base 8, what is -15542 + 345?
-15175
In base 16, what is -2f + 691a84?
691a55
In base 3, what is -1 + -22121220201111?
-22121220201112
In base 4, what is -3 + 30010331?
30010322
In base 9, what is 1 + 35520284?
35520285
In base 15, what is 1 - -4eb27c?
4eb27d
In base 4, what is 3022021032 + -1?
3022021031
In base 6, what is -2 - -21301245?
21301243
In base 8, what is 5557 + 6164?
13743
In base 15, what is 12 + 1b424b?
1b425d
In base 12, what is -59bb2 - -168b?
-58523
In base 12, what is -5 - 436578?
-436581
In base 4, what is 12200130133203 + -10?
12200130133133
In base 2, what is -100000 + 100111110101000111001?
100111110101000011001
In base 9, what is -37768064 - -4?
-37768060
In base 8, what is 136771 - 63?
136706
In base 9, what is 12828704 - -27?
12828732
In base 7, what is 13 + -3044160?
-3044144
In base 10, what is -77 + -32327?
-32404
In base 11, what is 1552 - -346a73?
348515
In base 6, what is -3 + 10550023244?
10550023241
In base 8, what is 16361 - -701?
17262
In base 6, what is -21403505 + -44?
-21403553
In base 4, what is 11010132 - 13002?
10331130
In base 10, what is -543136935 - 5?
-543136940
In base 15, what is -139 + 1098c4?
10978a
In base 12, what is -318918 + -23a?
-318b56
In base 7, what is 25325 + 11221?
36546
In base 4, what is 220010 - 100123130?
-33303120
In base 6, what is -412 + 205135?
204323
In base 4, what is -132 + -112023102?
-112023300
In base 2, what is -10000 - -111111111011111111?
111111111011101111
In base 16, what is e - -403e15?
403e23
In base 10, what is -1648258 + 3?
-1648255
In base 13, what is -a - -16c200?
16c1c3
In base 5, what is 2 - 21220302314?
-21220302312
In base 14, what is -2 - -a6280b?
a62809
In base 11, what is -a064 - -3264?
-6900
In base 2, what is 110011 - -1010100010001111010?
1010100010010101101
In base 6, what is -131522 + 3202?
-124320
In base 13, what is -11c + -6b24?
-6c43
In base 16, what is -1296b + -80c?
-13177
In base 3, what is -101122202101100001 - 11?
-101122202101100012
In base 11, what is 7464a581 - 5?
7464a577
In base 7, what is 14335 + 5401?
23036
In base 4, what is -31 + 12311121232?
12311121201
In base 13, what is -6 - abc51?
-abc57
In base 13, what is 9bb300 + 5?
9bb305
In base 15, what is 6ad92 + 5d?
6ae00
In base 2, what is -110100101111000111010100 + -100?
-110100101111000111011000
In base 9, what is 48183254 - -16?
48183271
In base 2, what is -10111101110111111110 + -11011?
-10111101111000011001
In base 16, what is 6 + -4f23375?
-4f2336f
In base 9, what is 340512 - 7?
340504
In base 11, what is -4 + 49104a?
491046
In base 9, what is 4 + -4167355?
-4167351
In base 13, what is 1 - -30829c1?
30829c2
In base 8, what is 13422 - -544?
14166
In base 15, what is -4 - 18084d?
-180852
In base 11, what is 39739 - -7aa?
3a438
In base 9, what is 2 - 64061668?
-64061666
In base 15, what is 406b88 + -2?
406b86
In base 14, what is -c9dc6a5 - -3?
-c9dc6a2
In base 7, what is -1541152101 - 2?
-1541152103
In base 13, what is -1 + -606c36?
-606c37
In base 8, what is 646044 - 1330?
644514
In base 2, what is 101101010000 - 1100011011000?
-110110001000
In base 14, what is 307b82 - 22?
307b60
In base 14, what is -6a649 - 738?
-6ad83
In base 11, what is -17139 + -2636?
-19774
In base 8, what is 1 - -1474164?
1474165
In base 11, what is -43a200 + 6?
-43a1a5
In base 6, what is 2221345532 + 2?
2221345534
In base 7, what is 3346521031 - -5?
3346521036
In base 15, what is -d85712 + 27?
-d856da
In base 8, what is -47321240 - -4?
-47321234
In base 14, what is -22 - 14573?
-14595
In base 6, what is 121 + 515340245?
515340410
In base 7, what is -412115452 + 3?
-412115446
In base 3, what is -1220 - 1111210221020?
-1111211000010
In base 13, what is 7 - 19caac7?
-19caac0
In base 16, what is -14 + -395b22?
-395b36
In base 16, what is c02 - 487e?
-3c7c
In base 9, what is 4245361650 + -5?
4245361644
In base 13, what is -129235652 + 3?
-12923564c
In base 12, what is -1387 + -8340?
-9707
In base 5, what is -3 - 31114042011?
-31114042014
In base 9, what is -162876 - -1077?
-161788
In base 16, what is 1f864c + 3d?
1f8689
In base 11, what is 23 + -95189?
-95166
In base 4, what is -231132 + -1032203?
-1330001
In base 11, what is -a8 - 66895?
-66992
In base 8, what is -46131526 - -12?
-46131514
In base 4, what is 1232103 + 2111022?
10003131
In base 10, what is 92792060 - 3?
92792057
In base 9, what is -128845 + 236?
-128608
In base 12, what is -5022a3207 + -1?
-5022a3208
In base 5, what is 4440214 - -13?
4440232
In base 6, what is 1432 + -12402?
-10530
In base 9, what is -10348 + -81076?
-101435
In base 10, what is 5275489 + 9?
5275498
In base 15, what is 1e - 41e48d?
-41e46e
In base 10, what is -81 + -2249477?
-2249558
In base 10, what is 575772 - -18?
575790
In base 15, what is -24a - -5785?
553a
In base 7, what is 2135535550 - 10?
2135535540
In base 14, what is 497b54 + 23?
497b77
In base 8, what is -10 - 31435006?
-31435016
In base 13, what is 342 + -b907?
-b595
In base 8, what is 624562737 + -2?
624562735
In base 7, what is 5 + -623222151?
-623222143
In base 16, what is b3fa + 563?
b95d
In base 8, what is 26047433 + 4?
26047437
In base 16, what is 263d3 - 15?
263be
In base 4, what is 10 - 200121311201?
-200121311131
In base 5, what is 110401 + -214234?
-103333
In base 14, what is -2 + -3979280?
-3979282
In base 3, what is 1200120 + 121202201?
200110021
In base 5, what is 42200 + 31?
42231
In base 2, what is 1110011 + -101001001000000010?
-101001000110001111
In base 16, what is -2e + 88fd8?
88faa
In base 4, what is -20